 Let p = v + -3. Calculate u(p).
3
Let z be (-8)/(-2) + (-4 - -2 - -2). Let l(y) = y**3 - 3*y**2 - 3*y - 5. Give l(z).
-1
Suppose 6*z + 4 = 2*z. Let w(b) = -b**2 - 1. Give w(z).
-2
Let r(t) = t**2 - t + 1. Let a(v) = 2*v**2 + 7*v + 6. Let q be a(-6). Suppose b + q = -3*b. Let j be ((-3)/b)/(1/6). What is r(j)?
3
Let x(w) = -9*w - 1. Suppose 4*j = -j + 35. Let m be 44/j - (-8)/(-28). Let h = m + -5. Calculate x(h).
-10
Let n = 39 + 27. Let l be n/(-14) + 4/(-14). Let w(q) = -4*q**2 - 4 - q**2 - 3*q + 4*q**2 - q. Calculate w(l).
-9
Let m(b) be the second derivative of b**3/6 - b**2 - 2*b + 8. Calculate m(8).
6
Let w(i) = 14*i + 3. Let g(j) = -5*j - 1. Let x(b) = -8*g(b) - 3*w(b). Let l = 8 - -7. Suppose -5*y + 0*y + l = 0. Give x(y).
-7
Let h(d) = d**2 - 10*d + 3. Let y be h(9). Let v(w) = -w - 12. Let t be v(y). Let o(a) = -a**3 - 6*a**2 + a - 6. Calculate o(t).
-12
Let m(j) = j**3 - 5*j**2 + 2*j + 4. Let u = -7 - -2. Let o = 9 + u. Determine m(o).
-4
Let k = -33 - -29. Let w(x) = x**3 + 4*x**2 + x. Give w(k).
-4
Let w(q) be the first derivative of 7*q**4/4 - q**3/3 + q**2 - q + 9. Suppose i + 5*k = -19, -2*k + 3*k = -2*i - 2. Give w(i).
7
Let n(z) = 3*z + 9. Suppose -4*g + 4 = 32. What is n(g)?
-12
Let s(h) be the first derivative of h**6/120 - h**5/12 + 7*h**4/24 - 2*h**3/3 + 2*h**2 - 5. Let x(f) be the second derivative of s(f). Determine x(4).
8
Let x(w) = -w**2 + 5*w + 5. Suppose 0 = z - 5*z - 8. Let n be -4*(9/(-12))/1. Let d be (z/6)/(n/(-45)). What is x(d)?
5
Let t(p) = p**2 - 6. Let l = 2 - 2. Calculate t(l).
-6
Let y be 0 + 0 + 1 + -4. Let a(t) = -3*t - 9. Let u(o) = -3*o - 10. Let l(s) = 6*a(s) - 5*u(s). Give l(y).
5
Suppose 3*d - 5*d = 4. Let n be (2 - 10)/(d - 0). Let q be n/(-16) + 21/4. Let v(c) = -c**2 + 7*c - 6. Calculate v(q).
4
Let z(g) = g**2 - g - 3. Suppose 2*b - b + 7 = 0. Let y = b - -12. Suppose -20 = -y*w - 5*l, -4*w + 2*w = l - 7. Give z(w).
3
Suppose -3*a = 4*n - 3 + 4, -4*a = 5*n. Let b(q) be the third derivative of q**2 + 2/3*q**3 + 0 + 0*q + 1/60*q**a + 1/8*q**4. Determine b(-4).
8
Let p(w) = 14*w + 14. Let i(l) = -10 - l + 6*l + 15. Let n(t) = -11*i(t) + 4*p(t). Calculate n(4).
5
Let f(z) = 2*z**2 + 2. Let w(g) = g + 0*g + 5*g**2 - 6*g**2. Let v(q) = f(q) + w(q). What is v(-2)?
4
Let m(a) = -13*a**3 - 28*a**2 - 4*a - 8. Let u(n) = -3*n**3 - 7*n**2 - n - 2. Let b(r) = -2*m(r) + 9*u(r). Let x = 44 + -51. Calculate b(x).
5
Suppose -4*w = -2*w. Let n(q) = -q**2 + 6. Calculate n(w).
6
Suppose -l + 6 = -3*r, -4*l - 2*r = -4*r - 14. Let v(h) = h**2 + 4. What is v(l)?
13
Suppose 0*k - 7 = -k. Let t(y) = -y**2 + 7*y + 7. Calculate t(k).
7
Let z(v) = -7*v**2 - 4*v + 5. Let o(r) = -15*r**2 - 9*r + 11. Let d(g) = -6*o(g) + 13*z(g). Give d(-3).
-16
Let z = -51 + 307/6. Let q(p) be the third derivative of -5/6*p**3 + 1/15*p**5 - z*p**4 + 0 + 3*p**2 + 0*p + 1/120*p**6. Give q(-4).
11
Suppose 15 = 3*y - 3*s + 3, 0 = 3*y + 4*s - 5. Let r(p) = -p**2 - y*p**3 + 6*p**3 - 2*p**3 + 2*p. Give r(2).
8
Let c(b) = 4*b - 1. Let i be c(-1). Let r(o) be the second derivative of o**2 + 2/3*o**3 + 2*o + 0 + 1/12*o**4. What is r(i)?
7
Let o(y) = 2*y - 8. Let z be o(6). Let d(v) = v - 2*v - v + z*v. Calculate d(-1).
-2
Let b = 35 - 39. Let t(u) = u**2 + 2*u - 2. Give t(b).
6
Let l be (-6)/3 + (-4)/(-1). Let q(m) = 3 + 7*m**2 - 3*m**l - 3*m**2 + 2*m. Suppose 0*h = h + 2. Calculate q(h).
3
Let g(b) be the third derivative of 1/8*b**4 - 2*b**2 + 0*b + 1/720*b**6 + 0*b**5 + 0*b**3 + 0. Let s(o) be the second derivative of g(o). Give s(-2).
-2
Let b(s) = -s - 8. Let i = 54 - 48. Calculate b(i).
-14
Let a(c) = 4*c + 45. Let k be a(-11). Let y(g) = -4*g**2 + g - 1. Calculate y(k).
-4
Let f(t) be the third derivative of 2*t**3 + 1/24*t**4 - t**2 + 0*t + 0. Let b be f(-12). Let m(z) = -z**3 + z - 2. Determine m(b).
-2
Let j(h) = h**3 - h. Let w(r) = 6*r**2 + 2*r - 1. Let f(g) = j(g) - w(g). Calculate f(6).
-17
Let c(z) be the second derivative of 3/2*z**2 + 0 + 1/12*z**4 + 7/6*z**3 + 3*z. Let p be -1 + 0/2 + -4. What is c(p)?
-7
Let x(w) be the first derivative of -w**4/4 + w**3 + 3*w**2/2 - 2*w - 3. Give x(3).
7
Let m(n) = n - 4. Let v(p) = -p**3 + 6*p**2 + 8*p - 3. Suppose 140 = 2*h + 2*h. Suppose 0*f = -5*f + h. Let k be v(f). What is m(k)?
0
Suppose 5*z + 23 = -2. Let b be ((-4)/z)/((-1)/(-5)). Let x be (-2)/6*(b + -1). Let t(k) = 8*k + 1. What is t(x)?
-7
Let f(m) = -m**2 - m. Let w(t) = -7*t**2 - 3*t + 2. Let d(g) = 6*f(g) - w(g). What is d(4)?
2
Let q = -20 - -14. Let h(x) be the second derivative of -x**4/12 - x**3 + 3*x**2 + 3*x. Determine h(q).
6
Let n = 4 + -2. Let v(o) = 4*o**2 - n*o + o + 4*o**3 - 5*o**3. Let l be ((-3)/2)/(0 + 6/(-12)). Determine v(l).
6
Let a = 3 + 0. Let n(m) be the third derivative of -2/3*m**3 + 1/120*m**6 + 0*m**4 + 0*m + m**2 + 0 - 1/20*m**5. Calculate n(a).
-4
Let l(z) be the third derivative of z**6/120 - 7*z**5/60 + z**4/6 + z**3 - z**2. Suppose -3*x + 5*h - 2*h + 15 = 0, 3*x - 16 = 2*h. Calculate l(x).
-6
Let n(k) = -k**3 + 3*k**2 - k - 4. Let h(y) = -y - 3. Let l be h(3). Let f = l + 9. Calculate n(f).
-7
Let j(b) be the second derivative of -2/3*b**3 + 0*b**2 - 2*b + 0 - 1/12*b**4. Give j(-4).
0
Let m(c) = -c + 12. Let r be m(16). Let i(b) = -b**2 - 3*b + 4. Let a(j) = j**2 + 3*j - 4. Let v(t) = -4*a(t) - 3*i(t). What is v(r)?
0
Let i(o) be the second derivative of o**2 - 1/6*o**3 + 0 + 3*o. Calculate i(-4).
6
Let t(a) = a - 4. Let x be t(7). Let q = -9 - 0. Let f(u) = -u**2 - 3*u + 1. Let p(o) = 5*o**2 + 11*o - 3. Let w(h) = q*f(h) - 2*p(h). Give w(x).
3
Let x = 28 + -24. Let i(c) = -c**2 + 4*c. What is i(x)?
0
Let l(n) be the second derivative of -n**4/12 - n**3 + 3*n**2 - 29*n. Determine l(-5).
11
Let p(u) be the third derivative of u**5/60 - u**3/6 + u**2. Let f = -1 + 3. Determine p(f).
3
Let j(f) = f**3 + 3*f**2 - 4*f. Suppose 3 - 13 = -5*k. Suppose 5*r + 0*r = -k*q - 35, -25 = 5*r + 4*q. Let o(d) = -d - 13. Let n be o(r). Give j(n).
0
Let w = -34 - -36. Let y(h) = -3*h**3 + 2*h**2 - 2*h + 2. Give y(w).
-18
Let b(n) be the third derivative of -n**4/12 - n**3/2 - 11*n**2. Give b(6).
-15
Let r be 7/(175/(-15)) + 7/(-5). Let v(y) = -7*y - 3. Give v(r).
11
Let w(t) = -t + 4. Suppose 0*o - 3*o - 30 = 3*p, o + 14 = -2*p. What is w(o)?
10
Let z(s) = s. Let p be z(2). Let r = -4 - p. Let w(v) = v**3 + 5*v**2 - 6*v + 1. Give w(r).
1
Let k(w) = -w + 1. Let q(n) = n**3 + 4*n**2 + 1. Let o(u) = -u + 1. Let p(d) = -3*o(d) - q(d). Let z be p(-5). Let y = z - 10. Give k(y).
5
Suppose -2*r = -3 - 7. Suppose 4*h = 2*h + 4. Let a(u) = 0*u - 3 + u**2 + h*u + 1 - r*u. Calculate a(3).
-2
Let x = -6 - -10. Let l(t) = -2*t**2 - 5*t - 3. Let a(b) = 3*b**2 + 10*b + 5. Let k(h) = -3*a(h) - 5*l(h). What is k(x)?
-4
Let f be 2/3*-3 + 7. Let h(g) = -g - 7 + g - 8*g + 5*g**2. Let o(q) = -4*q**2 + 7*q + 6. Let t(r) = 3*h(r) + 4*o(r). Give t(f).
-2
Let i(v) = -4*v**2 + 2*v - 1. Suppose 0 = r - d - 3 + 13, -4*r + 5*d = 42. Let m be 4 + -1 + r/4. Give i(m).
-3
Let c be 0/((-12)/3 - -2). Let i(b) = 5*b**3 - 6*b**3 - b + c - 1. Let u(t) = 7*t**3 - 4*t**2 + t + 9. Let a(y) = 6*i(y) + u(y). Determine a(5).
3
Let v be 0*(-3)/12 - -3. Let l(f) = -f**v + 6*f**2 + 0*f**2 - 2*f**2 - f**2 + 2*f. Calculate l(2).
8
Let f = 22 + -28. Let w(t) = -6*t**2 - 8*t - 1. Let j(o) = o**2 - 1. Let a(k) = 5*j(k) + w(k). Calculate a(f).
6
Let k(m) = -3*m - 6. Let r(i) = -1. Let l(y) = k(y) - 3*r(y). Give l(-2).
3
Let q(y) be the first derivative of y**4/4 - 5*y**3/3 + 5*y**2/2 - 6*y - 2. Suppose 4*k = 2*k + 4. Suppose 0*d - 8 = -k*d. What is q(d)?
-2
Let z(o) be the first derivative of -o**3/3 - 3*o + 1. Suppose -g + 17 = 4*s, -2*g = -6*g - 2*s + 26. Suppose -2 = w - 2*r, -w + 0*r - 5*r = -g. What is z(w)?
-3
Let o(a) = -a + a**3 + 0 - 2*a**3 + 1 - a**2. Let q(h) = 3*h**3 + 8*h**2 + 2*h + 1. Let w(x) = 4*o(x) + q(x). Let v = 13 + -9. Determine w(v).
-3
Let s(b) = -b - 5*b**2 + 0*b**2 - 6*b**2. Give s(-1).
-10
Let n(b) = -3*b - 4. Suppose -4*t - 8 = 0, 2*f = 7*f + 3*t + 21. Calculate n(f).
5
Suppose -5*j + 4 = -3*j. Let v(q) = -q + 4*q - 2 - j*q. Determine v(-4).
-6
Suppose 0 = -4*r + 7 + 9. Suppose 3*o + r*l - 18 = 0, l - 2 = o - 1. Let u(d) = 3*d - 2. Determine u(o).
4
Let q(n) = -n**3 - 6*n**2 + n + 8. Let m be q(-6). Let l(s) = 6*s**2 - 3*s + 1. Determine 